001111
In base 7, what is 103035421413 + 1?
103035421414
In base 11, what is -153 - -161382?
16122a
In base 16, what is -654c + -204?
-6750
In base 11, what is 5 - 7286a548?
-7286a543
In base 3, what is -1122210 + 20200110?
12000200
In base 2, what is -10 - 10110100110011110001001?
-10110100110011110001011
In base 12, what is -65634b - -4?
-656347
In base 11, what is -2a4a2a5 - 2?
-2a4a2a7
In base 14, what is -51 - -a7d7?
a786
In base 15, what is -1 - -2b8036?
2b8035
In base 6, what is 34 - -20022452?
20022530
In base 2, what is 100 - 1110001010101010111111100101?
-1110001010101010111111100001
In base 8, what is -73760 + -561?
-74541
In base 4, what is 11 + 12332200030311?
12332200030322
In base 10, what is 3597 + 6584?
10181
In base 15, what is -1c147337 + 4?
-1c147333
In base 6, what is -124410503341 - 2?
-124410503343
In base 12, what is -a - -1b2143b?
1b21431
In base 16, what is -28eef - 268?
-29157
In base 4, what is 33203332 - -102321?
33312313
In base 13, what is 11 + -c736ba5?
-c736b94
In base 15, what is -65e09 - 55?
-65e5e
In base 15, what is 26 + d5539?
d5560
In base 3, what is 12200201202102 - 1?
12200201202101
In base 16, what is -9270ed - 96?
-927183
In base 7, what is 4 - -132610242?
132610246
In base 10, what is 1228 - -2594?
3822
In base 2, what is 110011101010100110101110 + -101?
110011101010100110101001
In base 2, what is 10 - -10100111110111101000?
10100111110111101010
In base 5, what is -110342 - 2101314?
-2212211
In base 2, what is 100001000010100 + 10111000011?
100011111010111
In base 11, what is 404 - 3a47?
-3643
In base 10, what is -249 - -2441813?
2441564
In base 13, what is 1bb2 + 12bb?
31a0
In base 3, what is 12020022021 - 2120?
12020012201
In base 8, what is -6672 + 170030?
161136
In base 3, what is -2112111110121002 - -12?
-2112111110120220
In base 3, what is -12100200 + 1101121102?
1012020202
In base 7, what is -124652610 - -4?
-124652603
In base 13, what is 27bba1 + 2b?
27bbcc
In base 9, what is -3 - -3848664?
3848661
In base 6, what is -12305 + 102011?
45302
In base 12, what is 13a58b - 16?
13a575
In base 10, what is -2 - -12805664?
12805662
In base 9, what is 2355 - 26781?
-24425
In base 2, what is 11111110000001010011010111 + 10?
11111110000001010011011001
In base 3, what is -2 + -1101212022000201?
-1101212022000210
In base 5, what is -3144102 - -202?
-3143400
In base 9, what is 2515 - -4588?
7214
In base 8, what is 66 + -1124351?
-1124263
In base 2, what is 1011110001 + -10010000111?
-110010110
In base 6, what is 31424 - 24303?
3121
In base 11, what is 41 + -21086?
-21045
In base 4, what is -2113023321 - 11?
-2113023332
In base 3, what is 2 - 11021202120210?
-11021202120201
In base 14, what is -23b2d9b - -5?
-23b2d96
In base 14, what is 15c252a - 23?
15c2507
In base 10, what is 58819144 + 1?
58819145
In base 3, what is -2002102201102 - 1?
-2002102201110
In base 16, what is -1455 - 35914?
-36d69
In base 2, what is 1110110001 + 110011111000011?
110101101110100
In base 9, what is 7404 - 170085?
-161581
In base 5, what is 0 - 23421332032?
-23421332032
In base 3, what is 10 - -20012121220021?
20012121220101
In base 6, what is -305333112 + -3?
-305333115
In base 16, what is -8 - -1e9a841?
1e9a839
In base 9, what is 234417 + -7?
234410
In base 4, what is 11 + -1301120020111?
-1301120020100
In base 4, what is 2120011013022 + 10?
2120011013032
In base 14, what is -19 + -8d6c4?
-8d6dd
In base 16, what is 2a3b12 + -5?
2a3b0d
In base 6, what is 2341102 + 14132?
2355234
In base 7, what is -2 + -102542620?
-102542622
In base 15, what is -342c6c8 + -1?
-342c6c9
In base 16, what is 96d0db - -b?
96d0e6
In base 9, what is -2377 + 78041?
75553
In base 4, what is -10221 + 13020003?
13003122
In base 10, what is 195278242 + 0?
195278242
In base 6, what is 200110043 - -24?
200110111
In base 2, what is -100010100011101 + -100010010101?
-100110110110010
In base 11, what is 151a - 42570?
-41051
In base 12, what is -2532623 - 2?
-2532625
In base 16, what is -1bf55 - -31?
-1bf24
In base 7, what is 1663426413 + -2?
1663426411
In base 4, what is 32023 - -233030201?
233122230
In base 3, what is -222012 - -2220002112?
2212010100
In base 4, what is 0 + 22112301322213?
22112301322213
In base 5, what is -1 + 104320131433?
104320131432
In base 6, what is -211 - 2400024?
-2400235
In base 2, what is 1101001001101001101 - 10100?
1101001001100111001
In base 3, what is 12 - -1000210202221022000?
1000210202221022012
In base 10, what is -1 - -10113106?
10113105
In base 9, what is -265154 + 2250?
-262804
In base 4, what is 1031331212 - 1022?
1031330130
In base 2, what is 101001 + 11000000011111000101?
11000000011111101110
In base 14, what is -244c0 - 5b?
-2453b
In base 11, what is -7 - 11481820?
-11481827
In base 3, what is -22000211 - -2220111111?
2121110200
In base 11, what is -23094 - -200?
-22994
In base 9, what is -42545072 + 5?
-42545066
In base 15, what is -61825 + cc?
-61748
In base 9, what is -33103 + -110066?
-143170
In base 12, what is 3970741 - 14?
3970729
In base 14, what is -3979944 - -5?
-397993d
In base 4, what is -10 + 3322102130002?
3322102123332
In base 16, what is 167 + 2d623?
2d78a
In base 11, what is 23 + -559032?
-55900a
In base 16, what is 22 - 95b085?
-95b063
In base 10, what is -1025 - 2270?
-3295
In base 16, what is -10 + -759be?
-759ce
In base 7, what is 5 + 433544261?
433544266
In base 3, what is -12 - 11011221202222?
-11011221210011
In base 14, what is 19 + 23347?
23362
In base 8, what is 1245450 + 61?
1245531
In base 5, what is 13314411 + 202?
13320113
In base 15, what is -403 + 802c?
7b29
In base 13, what is 2 - 5b0023?
-5b0021
In base 16, what is 834ce - -219?
836e7
In base 13, what is -1a5 + 12993?
127bb
In base 4, what is -33031302 + -2102?
-33100010
In base 12, what is 24518 + -aa1?
23637
In base 13, what is 342 + -806?
-494
In base 10, what is -159 - 9302?
-9461
In base 11, what is a3 - -2613997?
2613a8a
In base 10, what is -9942817 - -5?
-9942812
In base 10, what is 2456 - 6963?
-4507
In base 15, what is -26 + 23b903?
23b8cc
In base 9, what is -151322345 - 14?
-151322360
In base 15, what is 6 + -446954e?
-4469548
In base 7, what is -1143603232 + -1?
-1143603233
In base 9, what is -130265 - -1158?
-128106
In base 3, what is -11 - 1200200100110?
-1200200100121
In base 4, what is 12223 - 1013112001?
-1013033112
In base 14, what is 1bc + 90017?
901d5
In base 6, what is 21 + 4045541214?
4045541235
In base 7, what is 44521 + 166516?
244340
In base 3, what is 122 + -10122001121000?
-10122001120101
In base 12, what is -26407661 + -4?
-26407665
In base 12, what is 192 + 25b65?
26137
In base 15, what is -30 - 35999?
-359c9
In base 15, what is c78 + 9da79?
9e802
In base 12, what is -a05042 + 1?
-a05041
In base 6, what is -2344 - -35013?
32225
In base 14, what is -4178c51 - 3?
-4178c54
In base 4, what is 1323211030 + -2023?
1323203001
In base 16, what is -765e4 + -d?
-765f1
In base 7, what is 113443 + -303?
113140
In base 14, what is -1b61 + 3023?
12a2
In base 6, what is 225101123 + -212?
225100511
In base 12, what is 5b92a5 - -7?
5b92b0
In base 4, what is 323130020112 + 10?
323130020122
In base 2, what is 10011011100010001 + -101000010110?
10010110011111011
In base 15, what is -5 + -4eb3e09?
-4eb3e0e
In base 3, what is -12211 - 112020211?
-112110122
In base 9, what is 160 + -425274?
-425114
In base 11, what is -2957291 + -3?
-2957294
In base 12, what is -8654 + 58a?
-8086
In base 12, what is 3b - -6a59?
6a98
In base 10, what is -180691109 + -4?
-180691113
In base 2, what is 11111000000111000 - 11000010?
11110111101110110
In base 3, what is -21000001 + -202111?
-21202112
In base 5, what is 201020411430 - 4?
201020411421
In base 14, what is 2 + -11a8960?
-11a895c
In base 15, what is -496365e + -9?
-4963668
In base 7, what is 13565 - -125614?
142512
In base 5, what is -13421 + 123143?
104222
In base 12, what is a - -1490820?
149082a
In base 2, what is 110 - -1101010011010101011100?
1101010011010101100010
In base 2, what is 111101011001000110 + -10000111?
111101010110111111
In base 13, what is 12 - 137c655?
-137c643
In base 14, what is -2 + -1b7b72?
-1b7b74
In base 15, what is 1 - 19eaea?
-19eae9
In base 5, what is -1000 + -4241100?
-4242100
In base 7, what is 1204 - -41110?
42314
In base 6, what is -205233404 - 20?
-205233